t p(n) be the first derivative of n**2 + 2*n - 2. Let r be p(-3). What is the units digit of ((-8)/(-6))/(r/(-6))?
2
Let q be (-3)/((2 - 4)/(-276)). What is the tens digit of q/(-9) + 4*1?
5
Let o be (-2)/(-3) - 14/(-6). Let g be 2 + o/(-3) + 2. What is the units digit of (4/g)/(8/36)?
6
Let a(q) = q**3 - 9*q**2 + 8*q + 4. Let z be a(8). Let r be (-1 - z)*(-4)/5. Suppose -r*l + 45 = v - 0*v, 0 = -l - 3*v + 14. What is the tens digit of l?
1
Suppose -c - 2*c + 15 = 0. Let t be 2 + (2 - 6) + c. Let a = -2 + t. What is the units digit of a?
1
Let j = 10 - -1. What is the tens digit of j?
1
What is the units digit of 45 + ((-6)/(-1) - 3)?
8
Let r(l) be the third derivative of l**6/120 + 2*l**5/15 + 7*l**4/24 + 2*l**3/3 - 2*l**2. What is the units digit of r(-7)?
4
Let r(k) be the third derivative of -k**6/120 + k**5/10 + k**4/24 + k**3/6 + 2*k**2. What is the units digit of r(6)?
7
Suppose s + 72 = 5*s. What is the units digit of s?
8
Let p be (-2)/5 + 78/(-30). What is the units digit of p + 24 + 1*-3?
8
Let p = 62 - -1. What is the units digit of p?
3
Suppose 4*k = -3*u + 19, 5*u + 5*k - 25 = -0*u. Let c = 9 - u. What is the units digit of c?
8
Let l(p) be the first derivative of p**4/2 + p**3 - p**2/2 + 3*p + 2. Let s be l(-3). Let x = 36 + s. What is the units digit of x?
5
Let t = -49 - -115. What is the tens digit of t?
6
Let z(d) = 38*d - 61. What is the tens digit of z(5)?
2
Let g(v) = -v**3 - 4*v**2 - 19*v - 16. What is the hundreds digit of g(-7)?
2
Suppose 2*j + 0*j + 2*x = -56, 3*j + 70 = 4*x. Let a = j + 50. Suppose -6*r = -2*r - a. What is the units digit of r?
6
Let k = 9 + -7. Suppose k*n - 44 + 2 = 0. What is the tens digit of n?
2
Suppose 5*x + g - 337 = 4*x, -4*x + 3*g + 1369 = 0. What is the tens digit of x?
4
Suppose 0 = -3*f + 4*f - 8. What is the units digit of f?
8
Let q(v) = 4*v**2 + 7*v + 10. What is the tens digit of q(-5)?
7
Let r(y) = y**3 - 4*y**2 - 11*y - 3. What is the units digit of r(6)?
3
Let t(d) = -d**3 - 8*d**2 + 12*d + 3. What is the hundreds digit of t(-11)?
2
Let i be (-4)/(-6) - (-2)/(-3). Suppose i*j - 552 = j. What is the units digit of j/(-28) + 2/7?
0
Suppose -3*o = -5*g + o + 16, -4*o + 24 = 5*g. Suppose -13 = -3*p - 1. Suppose -g*t + 5*c = -69, 29 = p*t - 2*c - 37. What is the units digit of t?
6
Let q = 10 + 4. What is the units digit of q?
4
Let r(a) = a**2 - a - 1. Let m be r(-2). Suppose 2*p = -p + 12. Suppose 26 = m*u + c - 0*c, -p*u + 2*c + 18 = 0. What is the units digit of u?
5
Let v = 75 + -12. What is the units digit of v?
3
Suppose 2*p - 4*u - 38 = 0, 5*p = -6*u + 2*u + 39. Suppose -4*h + 17 = -g, -g + 26 = 5*h + 7. Let l = g + p. What is the units digit of l?
0
Suppose 0 = -16*b - 398 + 4222. What is the hundreds digit of b?
2
Let h be (2 + (-1 - 2))*35. Let z = -23 - h. What is the units digit of z?
2
Let q(v) = 3*v - 10. Let p be q(4). Suppose -p*a = -0*a - 10. What is the units digit of a?
5
Suppose b - 6 = 3*b + 5*r, 3*b - 4*r - 14 = 0. Let o = b + 1. What is the units digit of o?
3
Suppose -23 - 31 = -3*f. Let i = 28 - f. What is the tens digit of i?
1
Suppose 0 = s + 2*j - 53, -5*s + 134 = 4*j - 107. Let z = 11 - -17. Let p = s - z. What is the units digit of p?
7
Let o(w) = -w**3 - 6*w**2 - 2*w - 6. Let k be o(-5). What is the units digit of 2/((-6)/k) + 0?
7
Let u be 202/8 - (-2)/(-8). Suppose -2*x + u + 9 = 0. Suppose -5*i + x + 13 = 0. What is the units digit of i?
6
Suppose 5*l = 3*s - 17, -3*l - 17 = 5*s - 0*l. Let n = s - -1. Suppose 0 = -c - 5*h - 6, n = h - 4*h - 6. What is the units digit of c?
4
Let a = 1 - -53. What is the tens digit of a?
5
Suppose 124 = -3*u + 409. What is the units digit of u?
5
Let y(v) = v**2 + 8*v + 3. What is the units digit of y(-10)?
3
Let u(k) = -k**2 - 18*k - 55. What is the units digit of u(-11)?
2
Let c(n) = 7*n - 1. Suppose -3*u + 6*u = 3. Let y be c(u). What is the units digit of y + 0/(3 - 2)?
6
Suppose -3*h + 3 = 0, -3*n - 2*h + 0*h = -5. Let g = 10 + n. What is the units digit of g?
1
Let g(v) = 9*v**2 + v. What is the units digit of g(-1)?
8
Suppose -2 + 66 = 2*c. What is the units digit of c?
2
What is the units digit of 0 + (-6)/(-2) - 0?
3
What is the hundreds digit of (-8)/(-10)*122*20/16?
1
Suppose 2*j = 3*j - 2. Suppose -2*t - j*t + 32 = 0. Suppose -a + 5*f = 22, -2*a - t*f + 3*f + 31 = 0. What is the units digit of a?
3
Suppose -5*a + 82 = -3*a. What is the tens digit of a?
4
Suppose 0 = 5*m - 4*d - 31, -5*m + 33 = d - 3*d. Let z(f) = -f**2 + 9*f - 5. Let q be z(9). Let y = q + m. What is the units digit of y?
2
Let k(q) = -41*q**3 - 2*q**2 + 1. What is the units digit of k(-1)?
0
Let t(h) = -h + 7. Let k be t(5). Let c(f) = f - 2. Let d be c(6). Suppose -3*p - 1 = -d*y - 5, -p + 2*y = k. What is the units digit of p?
8
Let d = 5 + 2. Suppose 0 = -3*k + 4*k - d. What is the units digit of k?
7
Let m(o) = o + 4. What is the tens digit of m(11)?
1
Let q(y) be the third derivative of y**5/60 - y**4/4 - y**3/2 + 2*y**2. What is the units digit of q(7)?
4
What is the units digit of (-1 - 5)*(-9)/3?
8
Suppose 18 = 5*f - 867. What is the hundreds digit of f?
1
Suppose 0*n = -2*n + 134. Suppose 4*f + 3*m - n = -0*f, -20 = -4*m. What is the units digit of f?
3
Suppose 4*q - 9 = q. Suppose -2*m - 22 = -q*g + g, -3*m - 18 = -2*g. What is the units digit of g?
5
Let f = 35 + 17. Suppose 5*o - 3 = f. What is the tens digit of o?
1
Let m(n) = 38*n + 1. What is the units digit of m(1)?
9
Let z = -23 + 16. Let d(a) = a**2 + 7*a + 6. What is the units digit of d(z)?
6
Let p(s) = -2*s + 6. Suppose 0 = 4*h + 17 + 3. What is the units digit of p(h)?
6
Suppose -5*i = -4*w + 18, -w - i = 2*w - 4. Suppose 3 = 3*d - 3. Suppose d*a - 38 = 4*j, 0 = -w*a - 2*j - 3*j + 20. What is the units digit of a?
5
Let y(f) = -f**2 - 3*f + 102. What is the units digit of y(0)?
2
Let m = 5 - -6. What is the tens digit of m?
1
Let t(q) = -q**3 + 4*q**2 + 11*q + 8. Let h be t(6). Let u = -11 - -15. Suppose h = b - u. What is the units digit of b?
6
Let r be 30/1*(-2)/(-2). Suppose -t - 4 + 14 = 2*c, 4*c + r = 3*t. What is the tens digit of t?
1
Let m = -30 + 44. Let r = 1 + m. Suppose 14 = -3*d + 5, -2*g - 3*d = -r. What is the tens digit of g?
1
Let l(p) = p**2 + p + 1. Let g = 17 - 10. Let o(k) = -k**3 + 6*k**2 + 8*k - 4. Let b be o(g). What is the units digit of l(b)?
3
Let s(v) = -2*v - 12. What is the units digit of s(-8)?
4
Suppose -3*a = -14 - 16. Let b(q) = -q**2 + 10*q + 6. What is the units digit of b(a)?
6
Let r = 10 + -7. Suppose 0 = -r*g - g + 272. Suppose j - 5*j = -g. What is the tens digit of j?
1
Suppose 3*f + 0 = 9. Let b = 6 - f. Suppose b = 2*j + j. What is the units digit of j?
1
What is the units digit of (4/(-12))/(2/(-12))?
2
Suppose -42 = 5*t + 213. Let m = 9 - t. Suppose i = 5*i - m. What is the tens digit of i?
1
Let k(y) = 2*y**2 - 4*y - 3. Let c be k(4). Suppose -6 = -2*p + 2*u, 5*p = -u - c + 34. What is the units digit of p?
4
Suppose 5*c + 0 = 5*q + 25, 2*c = 4*q + 12. Let k = 1 - -3. Suppose k*l - c = 3*l. What is the units digit of l?
4
What is the units digit of 5/(-25) - (-426)/5?
5
Let d be (10/(-15))/((-1)/6). Suppose 2*j + 10 = 0, d*a - 3*j - 18 - 5 = 0. What is the units digit of a?
2
Let a = 1 + -2. What is the units digit of (0 - (a + 3)) + 28?
6
Let k = 3 - 3. Suppose k = c - 4*t + 1 - 15, -2*c = 4*t - 40. What is the tens digit of c?
1
Suppose 3*w - 11 = -y, 0*w + y - 3 = w. Suppose -25 = -w*i + i. What is the units digit of i?
5
Let i = 16 - -11. What is the units digit of (-692)/(-36) + (-6)/i?
9
Let k = 315 - 197. What is the tens digit of k?
1
Let i(m) = 2 - 1 - m - 8. What is the units digit of i(-8)?
1
Let x = 3 - 1. Let c = x + 0. Suppose i = -c*i + 6. What is the units digit of i?
2
What is the hundreds digit of (-160)/(-100)*395/2?
3
Let x(d) = -6 + 14 - 15 - 11*d + 4*d**2. What is the units digit of x(5)?
8
Let l = 111 - 87. What is the tens digit of l?
2
Suppose -o + 12 + 45 = 0. What is the units digit of o?
7
Let u = -3 + 4. Let z = 6 - u. What is the units digit of 32/z - 6/(-10)?
7
Let i = -30 + 44. Suppose 8 = -2*f, -p + 4*f + 25 = -i. What is the units digit of p?
3
Suppose 4*d + 18 = -2*d. Let g be ((-4)/(-1))/2 + 0. What is the units digit of -4*d/2 + g?
8
Let h(u) = u**2 + 5*u + 1. Let f(i) = -i**2 - 2